se 41*w - 5*q - 110 = 36*w, -q = 4*w - 103. What is the remainder when 124 is divided by w?
24
Suppose 3*v + 2*f - 55 = 0, -85 = -v - 4*v - 5*f. Let b be (-1)/(-4) + 62/8. Calculate the remainder when 486/b - 1/(-4) is divided by v.
19
What is the remainder when (-200)/(-1) + (-27 - -32) is divided by 30?
25
Let m be -2 + -1 - (-8 - 1). Let q = -3 + m. Suppose 13 = q*s - 14. What is the remainder when 16 is divided by s?
7
Suppose 25*p - 2532 - 368 = 0. Calculate the remainder when p is divided by 113.
3
Suppose 0*s - 4*s + 2*q = -304, 5*q = 20. What is the remainder when 159 is divided by s?
3
Suppose 0 = 4*m - 3*d - 206, -3*d = 57 - 51. Calculate the remainder when 163 is divided by m.
13
Let m = -22 + 27. Let y = m - 0. Suppose -y*j + i + 215 = 6*i, 180 = 4*j + 2*i. What is the remainder when j is divided by 25?
22
Let x = 72 - 32. Calculate the remainder when x is divided by 6.
4
Suppose -s - 2*o = s - 160, -s - 2*o + 80 = 0. What is the remainder when s is divided by 14?
10
Suppose 18*h - 1760 = 328. What is the remainder when h is divided by 11?
6
Suppose -7*f + 718 = 249. Calculate the remainder when f is divided by 22 + (-3)/3 + 2.
21
Calculate the remainder when 1 + (-4)/(-4)*103 is divided by 39.
26
Let t = 69 + -161. What is the remainder when 134 is divided by t/(-3)*(-30)/(-20)?
42
Let y(u) = -u**3 - 33*u**2 + 30*u + 58. What is the remainder when y(-34) is divided by 99?
95
Suppose -4*h + 74 = -2. Suppose -4*a = -h*a + 150. What is the remainder when a is divided by 3/(-1 - -4)*7?
3
Let r(p) = 30*p + p - 82 - 6*p. Calculate the remainder when r(7) is divided by 25.
18
Suppose h + 4*p = 2344 - 931, 0 = 3*h - 3*p - 4224. Calculate the remainder when h is divided by 10.
9
Suppose 4*f + 139 + 151 = 3*w, -3*w - f + 310 = 0. What is the remainder when w is divided by 93?
9
Let m = -35 - -53. Suppose -3*l + m = -p - 3*p, -p + 1 = 2*l. Suppose 6 = 2*k + n, -5*k + n + l*n + 37 = 0. What is the remainder when 24 is divided by k?
4
Suppose -4*v - 3*y = -161 - 115, 0 = -v - 4*y + 69. Calculate the remainder when v is divided by 7.
6
Let y be 12/10*15/(-6) + 20. Suppose -56 = -y*s + 13*s. What is the remainder when 25 is divided by s?
11
Let k = -1613 + 1660. What is the remainder when 234 is divided by k?
46
Let y = 2330 + -2236. Calculate the remainder when 276 is divided by y.
88
Suppose 16 = 8*o - 0*o. Suppose 4 = -4*q - 3*p + 57, -o*q + 2*p + 44 = 0. What is the remainder when q is divided by 7?
3
Suppose -7143 = -5*q - 2*d + 12942, 2*d - 10 = 0. What is the remainder when q is divided by 49?
46
Let g = -82 - -67. Let h = g + 58. What is the remainder when h is divided by 23?
20
Let k be 10/4*(3/5 + 1). Calculate the remainder when 20 is divided by k/(-18) - 814/(-99).
4
Let j be 5 - -9 - (1 - 4). Let l = j - -8. Let o = -22 + l. Calculate the remainder when 3 is divided by o.
0
Let r(a) = -a**3 - 20*a**2 - a - 8. Calculate the remainder when 44 is divided by r(-20).
8
Calculate the remainder when 27 is divided by (8 - 6)*2/(2/11).
5
Suppose 13*g = 170*g - 52595. What is the remainder when g is divided by 12?
11
Calculate the remainder when 171/((68/14 - 5)*-7) is divided by 46.
33
Let x(n) = n**3 + 5*n**2 + 5*n - 3. Let m be x(-5). Let p(g) = 9*g + 30. Let y be p(-5). Let h = y - m. Calculate the remainder when 49 is divided by h.
10
Suppose 400*h - n + 145 = 402*h, 0 = -5*h - 2*n + 362. Calculate the remainder when 203 is divided by h.
59
Let k be (-114)/(-1) + (-3 + 7 - 1). Suppose -115*d + k*d - 26 = 0. Suppose -4*r + 6 + 80 = 2*y, 4*r = -12. Calculate the remainder when y is divided by d.
10
Let f be (0 - 0)/(-1) - 0. Suppose -2*z + 14*z - 132 = 0. Let r = f + z. Calculate the remainder when 32 is divided by r.
10
Suppose 2*n = -2*n + 24. Let k(u) = u**3 - 4*u**2 + 3*u. Calculate the remainder when k(6) is divided by (138/(-3 + n))/2.
21
Suppose 0 = 4*w + k - 18, w - k - 5 + 3 = 0. Let r = 8 - w. Suppose -r*n + 61 = n + 2*x, -8 = 4*x. Calculate the remainder when 23 is divided by n.
10
Let v be (20/(-7) - -3)*7. Calculate the remainder when (-8 - v)/(2/(-26)) is divided by 30.
27
Let h(k) = k**2 + 2*k - 2. Suppose -5200 = 5*f - 4*l, 3*l = -2*f - 866 - 1191. Calculate the remainder when 1/4*f/(-7) is divided by h(3).
11
Let x = -13 - -10. Let z = x - -4. Let p(s) = 30*s**2 - 1. Calculate the remainder when p(z) is divided by 16.
13
Suppose -9*y + 8*y + 1542 = 5*b, -3009 = -2*y + 5*b. What is the remainder when y is divided by 66?
65
Let u = -33 - -33. Suppose -13*j - 103 + 519 = u. What is the remainder when j is divided by 6?
2
Let j be 4*10*(-60)/(-6). Suppose -3*y = 5*q - j, 6*q = q - 2*y + 400. Let f = 4 + 17. What is the remainder when q is divided by f?
17
Suppose 0 = -10*k + 8*k + 24. Suppose l - 3*i - 46 = -k, 4*i + 77 = 3*l. Suppose 12 = 3*d - 9. Calculate the remainder when l is divided by d.
5
Let f = -924 + 972. Calculate the remainder when 102 is divided by f.
6
Let d(y) = -y**2 + 10*y - 1. What is the remainder when 51 - (-2 - (-2 - -1)) is divided by d(7)?
12
Suppose t - 4*c = 97, 4*c - 154 - 73 = -3*t. Calculate the remainder when t is divided by 50.
31
Suppose 45 = -18*g + 15*g. Let y = 17 + g. Suppose 9 = p - y. Calculate the remainder when p is divided by 2.
1
Suppose x + 127 = c + 5*x, 5*c = 4*x + 515. Calculate the remainder when c is divided by 12.
11
Let u be 2/2 + (8 - 0). Let v be 27/u*1/1. Calculate the remainder when 10 is divided by (-1)/(v + 76/(-24)).
4
What is the remainder when (-13450)/(-6) + (-115)/(-345) is divided by 102?
100
Let y(d) = d**2 + 14*d + 18. Suppose l + l - 72 = 0. Calculate the remainder when y(-17) is divided by l.
33
Let z(l) = -l**3 + 7*l**2 - 2*l - 5. Let j be z(4). Suppose j + 19 = 3*t. Calculate the remainder when 7*(13 + -5 - -2) is divided by t.
16
Suppose 87*r - 83*r = 12. What is the remainder when (-2 - 1)/(1/(-1)) is divided by r?
0
Let d(c) = c**3 - 12*c + 3. What is the remainder when 8 is divided by d(0)?
2
Let w(i) = i**2 + 2*i - 51. Calculate the remainder when w(8) is divided by (-4 - -2 - -8)/2.
2
Suppose 0 = -5*f + y - 11, 5*f + 6 = -4*y - 0*y. Let b be (-18)/(-12) + 41/f. Let j = 62 + b. What is the remainder when j is divided by 11?
10
Let q(y) = -y**2 + 7*y + 23. Let s be q(9). Suppose 0 = -2*x + 4*z + 56, s*z - 73 = -4*x + x. What is the remainder when 129 is divided by x?
25
Let m(g) = -g**3 + g - 3. Let l be m(-3). Suppose 3*x + 15 = -0. Let p = l + x. Calculate the remainder when 62 is divided by p.
14
Let l(t) = -8*t - 4. Let h be l(-5). Suppose 39 = 3*o - h. Suppose o = 3*c - 14. Calculate the remainder when c is divided by 8.
5
Let f = 4 - -4. Suppose 0 = -0*u + u - f. Suppose -78 = r - 3*r. What is the remainder when r is divided by u?
7
Suppose 43*g - 15105 = 28*g. Calculate the remainder when g is divided by 16.
15
Let x be 3 + -3 + (0 - 0). Suppose x = 4*n - 13 - 3. What is the remainder when 8 is divided by n?
0
Suppose -15*z - 98 = -q - 11*z, 2 = 2*z. Calculate the remainder when q is divided by 18.
12
Suppose -33*v = -30*v - 6. Suppose 2*x = -v*x + 104. What is the remainder when 50 is divided by x?
24
Let v(l) = -15*l + 66. Calculate the remainder when 6 is divided by v(4).
0
Let u(z) = 4*z**2 - 6*z + 11. Let q(j) = j**2 - j + 1. Suppose 3*g = -2*g - 15. Let a(o) = g*q(o) + u(o). Calculate the remainder when 23 is divided by a(4).
11
Let r(q) = 7*q + 57 - 3*q + 5*q - 4*q. Calculate the remainder when 52 - -1*(-2 - -3) is divided by r(-6).
26
Let h = 51 + -46. Suppose 5 + h = k - j, -5*k + 74 = j. What is the remainder when 68 is divided by k?
12
What is the remainder when 150/(-12)*(-1 - 56/40) is divided by 18?
12
Calculate the remainder when 67 is divided by (-7 - -26) + 42/(-6).
7
Suppose 566 + 826 = 8*x. Calculate the remainder when x is divided by 22.
20
Let y(r) be the third derivative of r**6/30 + r**4/12 + r**3/6 - 6*r**2. Suppose 13 = 8*m - 7*m. What is the remainder when y(2) is divided by m?
11
Suppose 3*f + r - 63 = 0, 0 = -2*f + 6*f - 5*r - 103. Let j = -112 - -220. Calculate the remainder when j is divided by f.
20
Calculate the remainder when 6 - (0/(-1))/(-11 + 13) is divided by 3.
0
Suppose 0*j - 3*s + 43 = 5*j, j = -4*s + 12. Let i = 58 - 78. Calculate the remainder when (i/j + 0)*-26 is divided by 22.
21
Suppose -r + 4*c + 